3
Calculate the greatest common factor of 417 and 973.
139
What is the highest common factor of 924 and 48?
12
What is the highest common divisor of 152 and 4256?
152
Calculate the highest common divisor of 110 and 385.
55
Calculate the greatest common factor of 4605 and 15.
15
What is the greatest common divisor of 1325 and 2385?
265
Calculate the greatest common divisor of 203 and 23.
1
What is the greatest common divisor of 75 and 9650?
25
Calculate the highest common divisor of 333 and 185.
37
Calculate the highest common factor of 11375 and 182.
91
Calculate the greatest common factor of 41 and 3.
1
What is the greatest common divisor of 6634 and 62?
62
Calculate the highest common divisor of 258 and 7998.
258
What is the highest common divisor of 744 and 24?
24
What is the greatest common factor of 39457 and 17?
17
What is the greatest common factor of 405 and 108?
27
Calculate the highest common factor of 18 and 26.
2
What is the greatest common factor of 7938 and 21?
21
Calculate the greatest common factor of 25 and 1280.
5
What is the highest common divisor of 2712 and 36?
12
What is the highest common divisor of 516 and 492?
12
What is the greatest common factor of 54 and 2934?
18
Calculate the greatest common factor of 2 and 118.
2
Calculate the highest common divisor of 132 and 36.
12
Calculate the highest common factor of 2065 and 472.
59
Calculate the highest common factor of 354 and 1534.
118
What is the highest common factor of 123 and 30?
3
Calculate the greatest common factor of 44 and 1364.
44
Calculate the greatest common factor of 17 and 5678.
17
What is the greatest common divisor of 4644 and 216?
108
What is the greatest common divisor of 360 and 90?
90
Calculate the highest common factor of 2388 and 12.
12
What is the greatest common factor of 44 and 77?
11
Calculate the greatest common factor of 4239 and 27.
27
What is the highest common divisor of 784 and 16?
16
Calculate the highest common divisor of 11 and 4169.
11
What is the highest common divisor of 134 and 335?
67
What is the greatest common factor of 3591 and 135?
27
What is the highest common divisor of 928 and 29?
29
Calculate the greatest common divisor of 2983 and 209.
19
What is the greatest common divisor of 1005 and 402?
201
Calculate the greatest common divisor of 15 and 10.
5
Calculate the highest common factor of 2191 and 28.
7
Calculate the greatest common factor of 371 and 21.
7
What is the highest common divisor of 82 and 28126?
82
Calculate the greatest common factor of 48 and 11568.
48
What is the highest common divisor of 16 and 104?
8
What is the greatest common divisor of 22 and 902?
22
Calculate the greatest common factor of 19 and 4541.
19
Calculate the greatest common divisor of 141 and 60.
3
What is the highest common divisor of 120 and 1000?
40
What is the highest common factor of 153 and 99?
9
Calculate the highest common factor of 119 and 12019.
119
What is the highest common divisor of 330 and 90?
30
Calculate the highest common divisor of 24 and 504.
24
Calculate the highest common divisor of 414 and 630.
18
What is the highest common divisor of 637 and 273?
91
What is the highest common factor of 8 and 152?
8
What is the highest common factor of 1 and 5?
1
Calculate the greatest common divisor of 10 and 8290.
10
Calculate the greatest common factor of 195 and 1105.
65
Calculate the highest common factor of 255 and 170.
85
Calculate the highest common factor of 3051 and 27.
27
Calculate the highest common factor of 10 and 7910.
10
What is the greatest common divisor of 32 and 5872?
16
What is the highest common divisor of 165 and 44?
11
What is the greatest common factor of 2025 and 1377?
81
Calculate the greatest common factor of 10 and 830.
10
Calculate the highest common divisor of 483 and 126.
21
What is the greatest common divisor of 336 and 399?
21
What is the highest common factor of 195 and 1521?
39
What is the greatest common factor of 1060 and 20?
20
Calculate the highest common factor of 456 and 72.
24
What is the greatest common factor of 2525 and 350?
25
Calculate the highest common divisor of 12 and 948.
12
What is the highest common factor of 12044 and 4?
4
What is the highest common divisor of 188 and 423?
47
What is the highest common factor of 6 and 78?
6
Calculate the greatest common divisor of 8 and 268.
4
What is the highest common factor of 24 and 1458?
6
Calculate the highest common factor of 60 and 79440.
60
Calculate the greatest common factor of 415 and 20.
5
Calculate the greatest common factor of 2420 and 44.
44
What is the greatest common factor of 39738 and 222?
222
What is the greatest common factor of 1394 and 68?
34
Calculate the highest common divisor of 2814 and 6834.
402
What is the greatest common factor of 108 and 1593?
27
Calculate the greatest common factor of 10 and 370.
10
Calculate the greatest common divisor of 299 and 713.
23
What is the greatest common factor of 2759 and 31?
31
What is the highest common divisor of 893 and 19?
19
What is the highest common factor of 5747 and 14?
7
Calculate the greatest common divisor of 608 and 7136.
32
What is the greatest common factor of 156 and 3450?
6
What is the greatest common divisor of 9 and 51?
3
What is the highest common divisor of 598 and 26?
26
Calculate the greatest common factor of 1443 and 117.
39
Calculate the highest common factor of 12 and 204.
12
Calculate the greatest common divisor of 115 and 15.
5
Calculate the highest common divisor of 16 and 3604.
4
Calculate the highest common factor of 735 and 8673.
147
What is the greatest common factor of 1352 and 507?
169
What is the greatest common factor of 9 and 15237?
9
Calculate the highest common divisor of 3 and 11.
1
Calculate the highest common divisor of 37 and 9731.
37
What is the greatest common divisor of 140 and 112?
28
What is the greatest common factor of 1064 and 308?
28
Calculate the greatest common divisor of 40 and 5120.
40
Calculate the greatest common divisor of 77 and 924.
77
What is the greatest common factor of 48 and 1182?
6
What is the greatest common divisor of 1128 and 120?
24
What is the highest common divisor of 520 and 208?
104
What is the highest common factor of 36 and 342?
18
Calculate the greatest common divisor of 1746 and 18.
18
Calculate the highest common divisor of 5893 and 83.
83
What is the greatest common divisor of 522 and 4350?
174
What is the highest common divisor of 1 and 11?
1
Calculate the greatest common divisor of 279 and 3038.
31
What is the highest common divisor of 46 and 207?
23
What is the greatest common divisor of 14 and 98?
14
What is the greatest common divisor of 253 and 517?
11
Calculate the greatest common divisor of 4 and 108.
4
Calculate the greatest common factor of 4928 and 231.
77
What is the highest common divisor of 2 and 6758?
2
Calculate the greatest common divisor of 200 and 16.
8
What is the highest common divisor of 2832 and 177?
177
What is the greatest common factor of 41 and 656?
41
Calculate the greatest common factor of 5452 and 752.
188
What is the greatest common factor of 10590 and 6?
6
Calculate the highest common factor of 391 and 161.
23
What is the greatest common factor of 51 and 294?
3
Calculate the highest common factor of 38 and 10.
2
Calculate the highest common factor of 2013 and 99.
33
Calculate the highest common factor of 1425 and 228.
57
What is the highest common factor of 1428 and 51?
51
Calculate the highest common divisor of 75 and 4020.
15
What is the greatest common divisor of 48 and 348?
12
What is the highest common divisor of 72 and 396?
36
What is the highest common divisor of 78806 and 182?
182
What is the highest common factor of 217 and 287?
7
What is the greatest common divisor of 272 and 13192?
136
What is the greatest common factor of 5 and 37?
1
Calculate the highest common divisor of 18690 and 105.
105
What is the greatest common factor of 40 and 45?
5
Calculate the greatest common factor of 25 and 80.
5
Calculate the highest common divisor of 45 and 5.
5
Calculate the greatest common divisor of 14 and 12992.
14
What is the highest common factor of 170 and 527?
17
Calculate the highest common factor of 5 and 3.
1
What is the greatest common divisor of 77 and 22?
11
Calcul